b**3 - 1 + 3*b**2 + 11*b + 6*b**3. Let a be (8/10)/(2/(-20)). Is i(a) a prime number?
True
Let y be -2 - -6 - -20082 - (-1 - -2). Suppose 5*b - y = 3*r + 126618, -4*r - 88024 = -3*b. Is b/44 + (-6)/(-33) a composite number?
True
Let a be -5 + (-5)/2*(-264)/60. Suppose 4*c - a*c + 5*n = -273, -243 = -2*c - 5*n. Is c a composite number?
True
Suppose 2*b = -2*t + 80, -5*b + 10 + 188 = 3*t. Suppose -3598 = -41*i + b*i. Is i prime?
False
Is ((-8056)/24)/19*(2 - -1)*-1759 a composite number?
True
Let t = 367777 + -256056. Is t prime?
True
Suppose 4*x = 2*w + 4244, 5*x - 5279 = -0*x - 4*w. Suppose 97*q = 73*q + 9096. Suppose 2*k - 2*z = q + x, -k = 4*z - 709. Is k prime?
False
Suppose 2*z + 2*i = -3*i + 558, 5*z = -i + 1441. Suppose -w = -677 - z. Suppose 4*t + 8 = 0, 3*q - 3*t - 186 = w. Is q prime?
False
Let l(a) = 11*a - 36. Let c be l(13). Let k = -103 + c. Suppose -4*p - 5*u = 765 - 10414, k*u = 4*p - 9640. Is p a prime number?
True
Is (60/(-100) - (-11)/(-165))/(4/(-3431682)) prime?
False
Let s = 1072198 + -127829. Is s a prime number?
True
Let v be -2*(-677)/(-2) - (-15 + 11). Suppose 5*w = 0, m + 646 = -5*w + 2398. Let a = m + v. Is a prime?
False
Suppose 18 + 206 = -28*q. Let w(a) = -269*a + 69. Is w(q) prime?
True
Let h(r) = 1402*r**2 + 97*r + 638. Is h(-7) prime?
False
Suppose -347881 - 20129 = -3*o. Suppose 0 = -6*j - 4*j + o. Suppose -4*w = q + 3*q - 16372, -3*w + 3*q = -j. Is w prime?
True
Let n(b) = 12348*b**2 - 97*b - 41. Is n(-6) prime?
True
Suppose 712*l = -4747253 + 23426710 + 1656687. Is l a composite number?
True
Let i(d) = -5175*d**3 + 6*d**2 + 6*d + 28. Is i(-3) composite?
True
Let h = -10914 - -15410. Let s be ((-1)/2)/(8/(-80)). Suppose -h = -s*i - 3*i. Is i a prime number?
False
Let w = -161 - -161. Let o(x) = -2*x**2 - 2*x + 5167. Is o(w) prime?
True
Let u = -5392561 - -9209360. Is u prime?
False
Suppose -737038 = -15*l + 657497. Is l prime?
False
Suppose 55 + 37 = -46*t. Is 3887 + t/(-4)*144/(-12) composite?
False
Let d(c) = 5*c**2 - 17*c + 1. Suppose -2*q + 5 = 11, 5*a - 2*q + 159 = 0. Is d(a) prime?
True
Is 1/7 + (-165337580)/(-1505) a prime number?
True
Let t(x) = x**3 + 13*x**2 + 11*x - 12. Let p be t(-12). Let c be (p - 8)*(-4)/8. Suppose 0 = -c*b - 4*a + 5576, 8 + 4164 = 3*b + 5*a. Is b prime?
True
Let z be (174/30 - 6) + 42/10. Suppose -3*g = -z*g - 4. Is -3 - g/8*-2 - -14 a composite number?
True
Suppose 0 = 10*n + n - 24*n + 3684187. Is n composite?
True
Suppose 190 = -4*l + 2*a, 73 = -4*l - a - 114. Let v = -49 - l. Is v + (-85)/(-5)*63 a prime number?
True
Let n = -81 - -85. Is n/(-8) + (-1772)/(-8) composite?
True
Suppose o - 5*l = 13216, 10*l - 13171 = -o + 6*l. Suppose -6*f + 11*f - 16510 = 3*x, -4*f = x - o. Is f prime?
True
Let q(c) = 201*c**2 - 98*c - 379. Is q(-52) a composite number?
False
Suppose 6 = 2*t - 8. Let r be (0/t)/((-2)/(-2)). Suppose -590 = -2*i - r*i. Is i a prime number?
False
Suppose -16*c + 104475 = -56476 - 6969. Is c composite?
True
Let v be 1*-4*(-4)/8*2206. Suppose -2*x + 8830 = -4*g, 17*x - v = 16*x + g. Is x prime?
True
Suppose 4761*d - 4771*d + 947090 = 0. Is d a composite number?
False
Suppose g = -8*k + 5*k + 106549, -k + g + 35511 = 0. Is k composite?
True
Let o = -1 - -1. Suppose 134 = 4*f + 63*f. Suppose -4*c - 4*z + 3096 = o, -4*c - f*z = -0*c - 3106. Is c composite?
True
Let p(g) = -31*g**3 - 19*g**2 + 213*g - 385. Is p(-42) a prime number?
False
Let h(c) = c**3 + 3*c**2 - c + 7. Let n be h(-4). Let x = 8 + n. Suppose -x*o + 1395 = 6*o. Is o a composite number?
True
Let l = 2325 - -29468. Is l prime?
True
Is (17/(-204))/((-18)/53328024) a composite number?
False
Suppose 0 = 3*b + 3*z - 18, 10*b - 5*z - 6 = 6*b. Suppose 0 = -5*m + 17*k - 22*k + 2915, -1749 = -3*m + b*k. Is m a prime number?
False
Let f = -499 - -2156. Is f a prime number?
True
Let g(p) = -349*p**3 - 2*p**2 - 10*p - 4. Let o(s) = s**3 + s - 1. Let x(u) = g(u) + 2*o(u). Is x(-1) prime?
True
Suppose -8820433 = -17*s - 2208776. Is s prime?
False
Let i(j) = j - 25. Let q be i(9). Let p = -16 - q. Suppose -2*d - 2033 = -3*l, l + p*l - 679 = 2*d. Is l a composite number?
False
Is (10/2)/(50/17690350) + -5 + 11 composite?
False
Suppose 153 - 186 = 3*v. Let s(t) = t**3 + 15*t**2 + 19*t - 16. Is s(v) a composite number?
True
Let a be -5456 + 0/5 + -3. Let s = 10754 + a. Suppose -610 = 5*b - s. Is b prime?
True
Let k = 556862 - 285063. Is k a composite number?
True
Let a(m) be the second derivative of 3*m**3/2 + 9*m**2 - 6*m. Let b be a(-6). Let z = 1227 + b. Is z composite?
True
Let q = 618 - 620. Is (q - 2780/(-12))*3 a prime number?
False
Let g(s) = -13*s**3 + 6*s**2 + 4*s - 16. Suppose -4*y = -5*z - 2*y - 23, 2*z = -2*y - 12. Is g(z) prime?
False
Let p be 6/(-8) + (-51)/(-68). Suppose -5*q = -p*i - 2*i + 12, -q = -4*i + 6. Is (-3 - 1 - -2781)*i/1 a prime number?
True
Suppose 113*d - 24*d = -36*d + 49712125. Is d a composite number?
False
Let f be (-10)/15*-1 - 26484/9. Is (4 - 3 - 3) + (-1 - f) composite?
False
Let v be 5 - (12/(-66) - 12421/(-11)). Let n = v - -2523. Is n a composite number?
False
Let f be ((-175)/(-105))/((-2)/(-18)*1). Suppose 0 = 3*p - 5*a + 4, -f = -2*p - 3*a - 5. Is 8/2 - 6005/(p/(-2)) a prime number?
False
Let u(f) = -152*f + 7. Let q be ((-6)/(-4))/(1/(-2)). Let h(i) = i + 1. Let n(p) = q*h(p) + u(p). Is n(-3) prime?
False
Let m(k) = 688*k - 1017. Is m(26) prime?
True
Let l = -276403 + 594476. Is l a prime number?
False
Let x(a) = a**2 + 133. Let n be x(0). Suppose 3*m + 2*m = k + 15, k = m + 1. Suppose 5*q - m*q - n = 0. Is q a prime number?
False
Let t(b) be the third derivative of 17/24*b**4 + 7*b**2 + 0*b + 0 + 1/6*b**3 + 1/10*b**5. Is t(8) composite?
False
Let s = -97694 - -172773. Is s a composite number?
False
Let d(l) = 328*l + 1. Let t = 0 + 2. Suppose -3 + 9 = t*n. Is d(n) prime?
False
Suppose -24571 = 4*u + d - 233052, 0 = 4*u + 5*d - 208469. Is u composite?
False
Let w(v) = 2*v**3 + 8*v**2 + 10*v - 9. Suppose 25 + 61 = 3*g - 2*h, -4*g - 3*h + 126 = 0. Suppose -2 = 4*o - g. Is w(o) a prime number?
False
Let y(v) = v**3 - v**2 + v - 5188. Let j be y(0). Let c be 1/(-3 - j/1729). Is c - (-4 - -5 - -1) prime?
False
Let c(i) = -6*i**3 - 10*i**2 - 5*i - 5. Let n(t) = -t**3 - 5*t**2 - 2*t - 14. Let f be n(-5). Is c(f) a prime number?
True
Let w(g) = -584*g + 1. Let s(k) = -292*k. Let y(r) = -7*s(r) + 3*w(r). Suppose -24 = -3*z - 12. Is y(z) a prime number?
True
Let i = 9235 + 9045. Suppose 0 = 3*t + 5*t - i. Is t a prime number?
False
Let n be (-39)/(-33) + 2/(-11). Let z be 2/2*1 - n. Suppose -7*b - 3*b + 4070 = z. Is b prime?
False
Suppose 15 = 5*f - u, -5*f + 2*u = -0*u - 15. Suppose 4*c - f = 9. Is -3631*3*((-10)/3 + c) a prime number?
True
Is (-4879880)/80*(0 - 2) a composite number?
False
Suppose -19*h + 15*h = -20. Suppose n = h*k + 28, 5*k = -5*n - 9 - 1. Let u(l) = 16*l**2 + 10*l - 9. Is u(k) prime?
False
Is 696634309/3395 - 12/10 a composite number?
True
Let b(j) = 1085*j - 386. Is b(11) a composite number?
False
Is 65658 + 421 - (-1 - 3) prime?
True
Suppose 9*y = -0*y - y. Suppose y = -31*x + 20*x + 181423. Is x composite?
False
Let n = 794285 + -496198. Is n prime?
True
Is (-7)/(-98) + (-10)/4*(-22284206)/490 prime?
False
Let k(l) be the first derivative of 43*l**2/2 + 67*l + 56. Is k(24) composite?
True
Suppose -5*m + 11*m = -11*m + 11973355. Is m a prime number?
False
Suppose 0 = 10*a - 13*a - l + 453267, -4*a = 9*l - 604310. Is a prime?
True
Let m(l) = 1191*l + 32. Let t be m(-1). Let o = 1700 + t. Is o prime?
True
Suppose 63*i - 18*i - 540 = 0. Suppose 37*h - 179425 = i*h. Is h a composite number?
False
Let o = 80 + -24. Suppose -o = f - 9*f. Suppose -14 = -f*p + 1113. Is p prime?
False
Let k = -1917 - 8680. Suppose 4*u - 24460 = 42196. Let y = u + k. Is y prime?
True
Suppose -3669 = -t + 3*u, 5*t + 24*u = 21*u + 18309. Let w = t + -314. Is w composite?
True
Suppose -10 = 52*r - 50*r. Let x be 6 + 1 + r - -3. Suppose 0 = 4*t + 2*n - 6838, -t + 0*n + 1704 = -x*n. Is t composite?
False
Is (1 - 12/16)*(-4 - -6)*218458 a composite number?
False
Let g = -45 - -47. Suppose 1470 = g*m - 2*c, 3*m = -3*c + 552 + 1683. Let t = -127 + m. Is t prime?
True
Let l = 18 + -2. Suppose -l*d + 14*d = -12. Suppose -j + d*z - 2*z = -1263, 5*z = 25. Is j prime?
True
Let l = -329758 - -50